133. What are the prime factors of z?
479
Let l be 5964/120 + 3/10. List the prime factors of 382 - (2/(-5))/((-4)/l).
13, 29
Suppose -488 = -v - 497. Let z = -10 + -2. What are the prime factors of (28/z)/(1/v)?
3, 7
Let o(q) = 3*q**2 + 34*q + 44. Suppose 0 = 5*c - c - 5*p + 82, -p + 38 = -2*c. List the prime factors of o(c).
2, 101
Let v(q) = -q**3 - 19*q**2 - 35*q - 24. List the prime factors of v(-24).
2, 3, 7, 11
What are the prime factors of (45/12)/((-105)/(-264880))?
2, 5, 11, 43
Let p(j) = 489*j**2 - 123*j - 36. What are the prime factors of p(5)?
2, 3, 643
Let j(s) = -37*s**3 + s**2 + 3*s - 4. Let b be j(2). Let g = b - -349. What are the prime factors of g?
59
Let a(w) be the second derivative of 1/2*w**2 + 1/3*w**4 + 2/3*w**3 - 17/20*w**5 + 0 - 14*w. What are the prime factors of a(-2)?
5, 29
Suppose -2*x + 14868 = -2*u, 2*x - 5182 = -5*u + 9714. What are the prime factors of x/8 - (-93)/(-124)?
929
Let f = -32360 - -48827. List the prime factors of f.
3, 11, 499
Let k = 78369 - 55641. List the prime factors of k.
2, 3, 947
Suppose 0 = 1810*r - 1843*r + 1037223. List the prime factors of r.
3, 10477
What are the prime factors of (-377585)/(-74)*52/10?
13, 157
Let k(l) be the first derivative of 7*l**3/3 + l**2/2 + 6*l + 161. What are the prime factors of k(-9)?
2, 3, 47
Let o be -7 - (-1984 + (4 - 3)). Suppose -2*h = -3*a - o, -3*h - 4*a + 1028 = -1970. List the prime factors of h.
2, 7, 71
Suppose 13*g - 8*g - 5*p + 10 = 0, p = 2*g + 8. Let x(t) = -12*t + 33. List the prime factors of x(g).
3, 5, 7
Let f = -73 + 75. Suppose b = -f*o + 210, 6*b + 5*o - 828 = 2*b. Suppose 5*v - 3*v = b. List the prime factors of v.
101
Let j(b) = -3*b + 121. Let o be j(22). Suppose -2*v + 8 = -0. Suppose x - o = k - 3*k, -2*k = -v*x - 60. What are the prime factors of k?
2, 7
Let o(l) = 2*l**3 - 63*l**2 + 40*l + 268. List the prime factors of o(33).
5, 971
Let n = 120 + -54. Let x = 106 - n. Suppose -5*j - 25 = 0, 0 = 2*f + 2*j - 8 - x. List the prime factors of f.
29
Let i be 483/2 + 2*1/(-4). Suppose 48 = 30*l - 12. Suppose t - i = l. What are the prime factors of t?
3
Let u(c) = -c**2 - 10*c. Let q be u(-10). Suppose q = -3*s - 15 + 45. Let t = s - 4. What are the prime factors of t?
2, 3
Suppose -3*d = x - 10, -3*d - 4*x - 5 + 0 = 0. Suppose 0*b = -t - d*b + 141, -583 = -4*t - b. List the prime factors of (-4 - -6)/(4/t).
73
Suppose -o - 2 = 0, -3*o = 5*y - 42 - 297. Suppose y = 3*b + 54. Suppose -4*i + b*n + 551 = -0*i, -4*i = 2*n - 558. List the prime factors of i.
139
Let x(b) be the second derivative of 0*b**4 + 0 - 1/10*b**5 + 0*b**3 - 11*b - 2*b**2. What are the prime factors of x(-3)?
2, 5
List the prime factors of (-50)/(-20)*(-28352)/(-10).
2, 443
Suppose 3*u - 4*w - 32640 = 0, 3*w - 6706 = -u + 4161. List the prime factors of u.
2, 2719
Suppose -3*b + 2*i + 77 = 0, 4*b + 3*i - 4*i - 96 = 0. Suppose -24769 = -54*k + b*k. What are the prime factors of k?
17, 47
Let k(w) be the first derivative of 7*w + 5 - 8/3*w**3 + 0*w**2 + 1/2*w**4. What are the prime factors of k(4)?
7
Suppose 7*i = -6*i - 9815. Let t = 1401 + i. What are the prime factors of t?
2, 17, 19
Let y(c) = -111*c + 9. Let r(w) = -222*w + 17. Let q = 27 + -30. Let o(d) = q*r(d) + 7*y(d). List the prime factors of o(-1).
3, 41
Let s = -197 - -197. Suppose s = 174*g - 178*g + 1600. What are the prime factors of g?
2, 5
Let u(j) be the first derivative of 17*j**3/3 + j**2 - 2*j - 1. Suppose q - 19 = -4*s, 11*s - 7*s = -4*q + 28. What are the prime factors of u(q)?
157
Let h be 2*1 + 55/(-5). Suppose 0 = 17*d - d + 19776. What are the prime factors of (-6)/(-9) + -1 + d/h?
137
Let q(z) = -15 - 47*z + 84*z + 48*z + 50. What are the prime factors of q(7)?
2, 3, 5, 7
Let q = -121 + 608. Suppose -40*i + 34327 = q. List the prime factors of i.
2, 3, 47
Let p be 1 + -4 + 372 + (8 - 5). Let d = p - 258. Suppose 0 = -7*s - d + 940. List the prime factors of s.
2, 59
Let l = 161 - 193. What are the prime factors of (l - -35)*1/((-6)/(-1346))?
673
Let g = 22 + 1. Suppose -6 = -26*k + g*k. Suppose -2*h + 4*n + 60 = 0, 0 = k*n - 3 - 3. What are the prime factors of h?
2, 3
Suppose 97*a = 133*a - 1371708. What are the prime factors of a?
3, 13, 977
Suppose 67*y + 417392 = -78*y + 164*y. List the prime factors of y.
2, 1373
Let a(v) be the first derivative of 8*v**2 + 422*v - 102. List the prime factors of a(0).
2, 211
Suppose 16466*n = 16468*n - 40898. List the prime factors of n.
11, 13
Suppose 0 = -4*n + o + 15234, 7131 = 5*n - 5*o - 11904. What are the prime factors of n?
13, 293
Let t(m) be the third derivative of 16*m**5/15 - m**4/24 - 2*m**3/3 + m**2 - 166*m. List the prime factors of t(2).
2, 5
Let b be 0 + 80/12*(-3)/(-2). Let f(l) = 37*l + 8. What are the prime factors of f(b)?
2, 3, 7
Suppose 3*j + u + 4*u = 39, 4*j - 4*u = 84. Suppose -10*n - 1184 = -j*n. What are the prime factors of n?
2, 37
Let h = -60 + 45. Let d be (-2)/8 - -54*h/(-40). Suppose 5*f - d*f = -600. List the prime factors of f.
2, 5
List the prime factors of 60/(-50) + -10031*(-112)/35.
2, 11, 1459
Suppose -y - 2*y = -5*k + 19, 3*k + y - 17 = 0. Suppose k - 2 = 3*u. Let n = 16 - u. List the prime factors of n.
3, 5
Let o(g) = 11*g**3 - 4*g**2 + g - 8. Let s(x) = -14*x**3 + 5*x**2 - 2*x + 8. Let d(r) = 6*o(r) + 5*s(r). What are the prime factors of d(-2)?
2, 3
Let n(g) = 74*g**2 - 4*g - 3. Let i(d) = d**3 + 7*d**2 + d - 9. Let r be i(-7). Let b be (-8)/(r/6) + (-5 - -1). What are the prime factors of n(b)?
3, 5
Let g(r) = r**3 + r + 295. Suppose -99*u = -103*u. List the prime factors of g(u).
5, 59
Suppose -32 - 13 = -3*f + 3*y, 0 = 2*f - 4*y - 28. Suppose 0 = -5*b - 3*b + f. Suppose -u = -m - 187, m = -5*u - b*m + 895. What are the prime factors of u?
2, 7, 13
Let n = -179 - -185. Suppose -1268 - 346 = -n*q. What are the prime factors of q?
269
Let j be (-35)/(-2*(-3)/24). Let y = -151 + -18. Let f = j - y. List the prime factors of f.
29
Let j(t) = -69*t - 11. Let u be 12/(-66) + 4/(132/(-27)). What are the prime factors of j(u)?
2, 29
Suppose 10*a + 9*a - 416889 = 183302. What are the prime factors of a?
31, 1019
Suppose -21 = 5*j + 4*x + 43, 4*j - x + 68 = 0. Let z(p) = 67 - p - 19 + 2*p. List the prime factors of z(j).
2
Let x = -16144 - -22759. What are the prime factors of x?
3, 5, 7
Let t(u) = 2*u**2 - 6*u**2 + 7*u**2 - 8*u + 87 + 91 + 0*u**2. What are the prime factors of t(9)?
349
Suppose 55*j + 68*j - 1612 = -j. What are the prime factors of j?
13
Suppose -2*z + 4700 = -2*g, 4*z - 9405 = 2*g - 3*g. Suppose 795 = v + 14*h - 19*h, 0 = 3*v + 2*h - z. List the prime factors of v.
5, 157
Let l(g) = -362*g + 2. Let v be l(-2). Suppose 0 = 9*o - 4*o - 3*p - 935, -4*o - 2*p = -v. List the prime factors of o.
2, 23
Let q(t) = -6*t**2 + 31*t - 3. Let f be q(5). Let n be (-5)/(((-2)/4*4)/f). Suppose -n*s - 545 = -5*r, -2*r + 553 = 3*r - s. What are the prime factors of r?
3, 37
Let p = -250 - -255. Suppose -x + 1466 = p*b + 3*x, 16 = 4*x. List the prime factors of b.
2, 5, 29
Suppose -44*n = -47*n - 4602. Let t = -1089 - n. Suppose -24*p + 19*p = -t. What are the prime factors of p?
89
Suppose -199511 = -26*s - 37*s + 96652. List the prime factors of s.
3, 1567
Suppose 2 = -2*s - 4*n, 3*s + 4*n - 2 = -1. Let g be (-2*(-137)/(-2))/(s + -2). Let a = g - -293. What are the prime factors of a?
2, 3, 13
Let w(b) = 6*b**2 - 14*b - 229. Let c(z) = 5*z**2 - 14*z - 230. Let y(j) = -5*c(j) + 4*w(j). What are the prime factors of y(23)?
3
Suppose 5*c = -16*s + 132926, -23*c - 132994 = -28*c + s. List the prime factors of c.
2, 3, 11, 13, 31
Suppose -x = -5 + 13. Let b(v) = 2*v**2 + 16*v - 3. Let m be b(x). List the prime factors of 20/(-24)*10*m.
5
Let q = -390 - -494. Suppose 2*j - q = 916. List the prime factors of j.
2, 3, 5, 17
Let m = -72056 - -122838. What are the prime factors of m?
2, 25391
Let i = 32755 - 25752. What are the prime factors of i?
47, 149
Let p = 1913 + 642. List the prime factors of p.
5, 7, 73
Let o(x) = 76951*x**3 - 2*x**2 - 511*x + 513. What are the prime factors of o(1)?
7, 10993
Let v(a) = -a. Let c(x) = 12*x - 2 - 6 + 11. Let p(b) = c(b) + 3*v(b). List the prime factors of p(4).
3, 13
Suppose 0 = 27*j - 36*j + 1512. Suppose -g = 2*c - 28 - j, 3*c + 3*g - 300 = 0. What are the prime factors 